 14
4
What is -5a (base 11) in base 12?
-55
Convert -21 (base 3) to base 11.
-7
What is 11 (base 4) in base 5?
10
Convert -103 (base 4) to base 9.
-21
What is 0 (base 7) in base 10?
0
200 (base 5) to base 7
101
What is -2 (base 14) in base 5?
-2
c (base 13) to base 4
30
2 (base 12) to base 3
2
What is 11 (base 5) in base 10?
6
531 (base 6) to base 16
c7
What is -101 (base 4) in base 3?
-122
What is 3 (base 14) in base 9?
3
-8 (base 11) to base 12
-8
10 (base 16) to base 15
11
-41 (base 16) to base 3
-2102
1 (base 2) to base 14
1
What is 1101100 (base 2) in base 13?
84
Convert 101 (base 3) to base 14.
a
Convert -1 (base 2) to base 5.
-1
Convert 22 (base 11) to base 9.
26
8 (base 13) to base 6
12
What is -a (base 11) in base 7?
-13
Convert -4 (base 15) to base 6.
-4
-d (base 15) to base 12
-11
Convert 3 (base 9) to base 12.
3
What is 19 (base 10) in base 12?
17
What is -2 (base 4) in base 13?
-2
What is 4 (base 9) in base 3?
11
30 (base 9) to base 3
1000
Convert -222 (base 3) to base 8.
-32
11110 (base 3) to base 6
320
Convert 16 (base 16) to base 8.
26
Convert 14 (base 7) to base 9.
12
Convert -54 (base 12) to base 4.
-1000
What is -1 (base 10) in base 4?
-1
What is 4 (base 5) in base 13?
4
76 (base 11) to base 8
123
What is -3 (base 16) in base 10?
-3
What is 22 (base 3) in base 10?
8
What is 11202 (base 3) in base 5?
1003
-14 (base 11) to base 7
-21
What is -1 (base 8) in base 5?
-1
-20 (base 4) to base 8
-10
Convert 113 (base 6) to base 9.
50
Convert -12 (base 4) to base 13.
-6
11 (base 3) to base 13
4
-164 (base 7) to base 13
-74
What is 65 (base 12) in base 9?
85
What is -b3 (base 14) in base 13?
-c1
-6 (base 9) to base 14
-6
What is -3 (base 15) in base 14?
-3
What is 53 (base 14) in base 6?
201
6 (base 7) to base 11
6
Convert 1 (base 13) to base 16.
1
What is 0 (base 7) in base 10?
0
-34 (base 10) to base 2
-100010
What is -2 (base 6) in base 3?
-2
-111 (base 6) to base 3
-1121
Convert 1 (base 14) to base 3.
1
What is -2 (base 5) in base 12?
-2
Convert -100012 (base 3) to base 6.
-1052
What is 135 (base 9) in base 3?
11012
What is -21 (base 3) in base 8?
-7
What is -3 (base 6) in base 4?
-3
-3 (base 13) to base 14
-3
-8 (base 14) to base 5
-13
Convert 213 (base 4) to base 7.
54
12 (base 15) to base 2
10001
Convert -2 (base 7) to base 13.
-2
What is 186 (base 9) in base 16?
9f
16 (base 13) to base 10
19
What is -7 (base 13) in base 4?
-13
-30 (base 15) to base 7
-63
-210 (base 4) to base 11
-33
Convert -1101 (base 2) to base 7.
-16
Convert -107 (base 11) to base 8.
-200
Convert -145 (base 6) to base 10.
-65
44 (base 12) to base 7
103
What is 27 (base 11) in base 7?
41
-1011 (base 2) to base 16
-b
9 (base 15) to base 4
21
Convert -13 (base 15) to base 7.
-24
Convert -3 (base 12) to base 13.
-3
What is -3 (base 7) in base 10?
-3
Convert -2 (base 14) to base 3.
-2
Convert 6 (base 15) to base 12.
6
Convert -5 (base 14) to base 9.
-5
What is 56 (base 7) in base 11?
38
Convert 2 (base 7) to base 5.
2
1c (base 14) to base 5
101
What is 115 (base 8) in base 3?
2212
Convert 166 (base 8) to base 4.
1312
Convert 100 (base 3) to base 6.
13
Convert -222 (base 3) to base 12.
-22
-1123 (base 5) to base 11
-139
What is -48 (base 16) in base 3?
-2200
Convert 41 (base 15) to base 5.
221
What is -15 (base 7) in base 16?
-c
Convert 333 (base 4) to base 7.
120
What is 0 (base 13) in base 9?
0
Convert 0 (base 7) to base 10.
0
7e (base 15) to base 12
9b
Convert -3 (base 16) to base 6.
-3
What is -28 (base 9) in base 6?
-42
-41 (base 14) to base 2
-111001
Convert -1 (base 2) to base 3.
-1
Convert -c (base 16) to base 14.
-c
What is -43 (base 16) in base 7?
-124
Convert 3a (base 13) to base 7.
100
Convert -126 (base 9) to base 6.
-253
What is -2 (base 7) in base 16?
-2
Convert 3 (base 8) to base 9.
3
Convert 1101 (base 2) to base 13.
10
5 (base 6) to base 14
5
Convert 70 (base 16) to base 15.
77
Convert 2 (base 16) to base 4.
2
-24 (base 6) to base 8
-20
13 (base 4) to base 8
7
4 (base 9) to base 13
4
Convert -2122 (base 4) to base 7.
-310
What is -157 (base 10) in base 6?
-421
-11 (base 6) to base 15
-7
What is 1145 (base 6) in base 11?
236
What is 40 (base 10) in base 4?
220
15 (base 6) to base 4
23
What is -10100 (base 2) in base 8?
-24
-48 (base 13) to base 5
-220
-122 (base 5) to base 3
-1101
2 (base 14) to base 4
2
What is -17 (base 12) in base 9?
-21
Convert -c (base 13) to base 4.
-30
What is 12 (base 9) in base 2?
1011
Convert 105 (base 7) to base 5.
204
What is 1101 (base 2) in base 5?
23
Convert -25 (base 16) to base 5.
-122
What is -16 (base 14) in base 3?
-202
What is -111 (base 5) in base 15?
-21
0 (base 11) to base 9
0
What is 44 (base 11) in base 2?
110000
Convert -17 (base 15) to base 4.
-112
Convert -1 (base 8) to base 7.
-1
Convert -10101 (base 2) to base 13.
-18
-411 (base 6) to base 14
-ab
Convert -34 (base 15) to base 8.
-61
What is 6 (base 16) in base 14?
6
What is -1 (base 13) in base 10?
-1
11 (base 8) to base 7
12
What is -10000 (base 2) in base 10?
-16
-c (base 14) to base 9
-13
100100 (base 2) to base 5
121
What is 126 (base 8) in base 13?
68
What is 204 (base 7) in base 11?
93
-100000 (base 2) to base 11
-2a
What is -10 (base 7) in base 2?
-111
1 (base 9) to base 16
1
-1101 (base 2) to base 6
-21
-201 (base 3) to base 11
-18
Convert -4 (base 16) to base 13.
-4
Convert -1 (base 6) to base 5.
-1
7 (base 16) to base 11
7
-23 (base 14) to base 15
-21
What is a2 (base 11) in base 9?
134
Convert 3 (base 14) to base 13.
3
-4 (base 9) to base 14
-4
What is 1101001 (base 2) in base 15?
70
Convert -5 (base 13) to base 3.
-12
-8 (base 13) to base 15
-8
Convert 10101 (base 3) to base 10.
91
Convert -201 (base 6) to base 2.
-1001001
a (base 11) to base 7
13
Convert 2 (base 3) to base 14.
2
1 (base 11) to base 2
1
-14 (base 10) to base 15
-e
118 (base 14) to base 9
262
Convert 25 (base 7) to base 9.
21
Convert -2 (base 9) to base 11.
-2
-b5 (base 12) to base 6
-345
Convert 113 (base 9) to base 8.
135
Convert -1 (base 10) to base 2.
-1
What is -6 (base 12) in base 16?
-6
Convert 0 (base 3) to base 13.
0
-1 (base 9) to base 13
-1
What is 14 (base 14) in base 10?
18
Convert -189 (base 13) to base 14.
-162
-1 (base 5) to base 10
-1
Convert 6 (base 15) to base 8.
6
62 (base 8) to base 9
55
-3 (base 4) to base 12
-3
Convert -6a (base 11) to base 13.
-5b
Convert 3123 (base 4) to base 8.
333
What is 30 (base 5) in base 16?
f
What is 5 (base 14) in base 9?
5
10 (base 16) to base 6
24
20 (base 13) to base 14
1c
-6 (base 9) to base 8
-6
What is -36 (base 14) in base 16?
-30
Convert 50 (base 8) to base 12.
34
3c (base 16) to base 4
330
-5 (base 6) to base 7
-5
Convert -66 (base 15) to base 9.
-116
Convert -24 (base 13) to base 12.
-26
-1 (base 14) to base 13
-1
What is -6 (base 9) in base 15?
-6
1 (base 10) to base 8
1
What is -a (base 15) in base 7?
-13
What is -27 (base 13) in base 16?
-21
What is 9 (base 13) in base 10?
9
Convert 17 (base 8) to base 6.
23
What is 1 (base 7) in base 2?
1
What is 1010010 (base 2) in base 9?
101
Convert 9 (base 14) to base 8.
11
Convert -2a (base 14) to base 12.
-32
62 (base 11) to base 6
152
-10 (base 7) to base 12
-7
81 (base 13) to base 10
105
Convert -202 (base 3) to base 9.
-22
What is 172 (base 11) in base 10?
200
What is 141 (base 5) in base 8?
56
What is 1 (base 11) in base 15?
1
1 (base 7) to base 5
1
Convert 33 (base 4) to base 12.
13
65 (base 8) to base 16
35
What is 18 (base 16) in base 11?
22
What is 8b (base 13) in base 5?
430
Convert -1 (base 14) to base 13.
-1
10 (base 3) to base 12
3
What is 1 (base 11) in base 14?
1
What is -14 (base 9) in base 16?
-d
What is 3 (base 16) in base 5?
3
-111111 (base 2) to base 14
-47
10 (base 3) to base 4
3
Convert 12 (base 4) to base 14.
6
What is -130 (base 4) in base 8?
-34
What is -4 (base 8) in base 3?
-11
-20 (base 5) to base 14
-a
-101 (base 2) to base 11
-5
Convert -1 (base 9) to base 12.
-1
What is 1 (base 13) in base 6?
1
14 (base 15) to base 13
16
What is 196 (base 10) in base 7?
400
-22 (base 6) to base 9
-15
-4 (base 13) to base 9
-4
What is -1105 (base 6) in base 2?
-100000001
-26 (base 8) to base 7
-31
Convert -9 (base 16) to base 5.
-14
Convert -22202 (base 3) to base 15.
-10b
Convert 1 (base 12) to base 6.
1
What is -64 (base 15) in base 7?
-163
-2 (base 1